3 + c. What is the units digit of h?
1
Let u(k) = 8*k**2 - 27*k + 77. Suppose 42 = 9*g - 57. What is the tens digit of u(g)?
4
Suppose -20 = -5*t + 4*k, -4*k = -3*t + 7 - 3. Suppose -3*g - g = -t. Let m(o) = 19*o**2 + 1. What is the tens digit of m(g)?
7
Let h(j) = 61*j + 6. Let o(i) = -i + 1. Let v(w) = 2*h(w) + 4*o(w). Let z be v(-4). What is the units digit of z/(-18) + (-2)/6?
5
Let m(y) = 2*y**3 + 22*y**2 + 11*y + 4. Suppose -d - 537 + 54 = 4*g, d = -2*g - 241. Let u = 111 + g. What is the units digit of m(u)?
4
Suppose 11158 = 3*u + x, 5*u - 5*x = 13815 + 4755. What is the units digit of u?
8
Let v = 7 - -6. Let h(d) = -v + d**2 - d + 0 + 70 - 2*d**2. What is the units digit of h(0)?
7
Suppose 0 = 2*a - 2, -2094 = 3*k - 4*k + 2*a. What is the tens digit of k?
9
Suppose 3 = 2*s - 5*s + 3*w, -3*w + 21 = 3*s. Let d(p) = -63*p - 4. Let y be d(-5). Suppose 5*g + 3*k = 377, -s*g + k - 96 = -y. What is the tens digit of g?
7
Suppose -5*a - c - 1847 = c, 0 = 4*a - 2*c + 1474. Let b = 574 + a. What is the units digit of b?
5
Suppose -2*g + 13*g - 55 = 0. Suppose -3*b = -6, 4*b + 486 = g*m + 7*b. Suppose -y + m = 21. What is the units digit of y?
5
Let h(x) = -x**3 - 23*x**2 + 25*x + 24. Let n be h(-24). Suppose 2*l - 2*q + 6 = n, -l + 3*q = -3*l - 31. Let c(b) = -18*b - 26. What is the tens digit of c(l)?
1
Suppose 0 = 3*t + 4*t - 147469. Suppose -37*a + t = 5490. What is the units digit of a?
1
Suppose 5 = 2*g + f, f + 22 = 4*g - 3. Suppose 9*h = g*h + 16. Suppose 108 + 99 = 5*d + o, -o + 165 = h*d. What is the tens digit of d?
4
Let v = 1683 - 1688. Let m(n) = 24*n - 5. Let b(d) = 25*d - 6. Let x(z) = 3*b(z) - 4*m(z). What is the hundreds digit of x(v)?
1
Suppose 5*c - 2*j = -0*j - 2, 4*c = -j + 1. Suppose c = -5*g + 115 + 100. Suppose q - g = 36. What is the tens digit of q?
7
Let q(h) = -133*h + 99*h - 124*h + 2 - 114*h. Let n be q(-1). What is the hundreds digit of (6 - 3)/(3/n)?
2
Suppose 12*o - 8 = 8*o. Suppose 2*w - 4*r = 1792, -w + o*r = -r - 891. What is the units digit of w?
6
Let i(c) = 690*c**2 - 64*c + 213. What is the hundreds digit of i(3)?
2
Suppose 5*i - 3*p + 1024 = -6*p, -3*p + 397 = -2*i. Let f = -60 - i. What is the units digit of f?
3
Suppose -4*j - 12*i + 8*i + 4256 = 0, -j + 5*i = -1064. Suppose 5*q + 44 = j. Let y = -133 + q. What is the units digit of y?
1
Suppose -2*a - 6 = -i, 3*a = 5*i - 1 - 1. Let s(v) = 2*v + 8. Let b be s(a). Suppose 5*w + 0*w = 5*z + 380, -2*z - 10 = b. What is the tens digit of w?
7
Let g(z) = 840*z**2 - 159*z - 321. What is the hundreds digit of g(-2)?
3
What is the thousands digit of (-12)/(-28) - (-1783285)/49?
6
Let x be 3/(-36)*-1418 + 26/(-156). Suppose x = y - 4*u, 3*u = -y - 4*y + 567. What is the units digit of y?
4
Let f(p) = -p**3 - 1. Let c(u) = 74*u**3 + 3*u**2 - 14*u - 39. Let s(m) = -c(m) + 4*f(m). What is the units digit of s(-2)?
9
Suppose f - m = 352, -4*m - 1060 = -3*f - 5*m. Suppose -46*n + 3*t = -49*n - 747, -15 = 3*t. Let z = f + n. What is the hundreds digit of z?
1
Suppose 89 = 8*c - 31. What is the units digit of 1442/(-210) + 7 + 22273/c?
5
Suppose 24*t - 147914 - 54516 = 119266. What is the tens digit of t?
0
Suppose 4*t = 3*a + 5, 0 = -3*t + 7 + 8. Suppose -a*z = -2*v - 0*z + 1943, 5*v + 5*z = 4910. What is the units digit of v?
9
Let z(p) = 1037*p - 57. What is the tens digit of z(4)?
9
Let i be (-15 - 1) + (0 - 2). Let o(m) = 23*m**2 - 27*m + 23. Let h(u) = -19*u**2 + 26*u - 22. Let d(g) = -6*h(g) - 5*o(g). What is the units digit of d(i)?
1
Let r(c) = -c**3 + 26*c**2 + 80*c - 43. What is the thousands digit of r(27)?
1
Suppose j = -4*k + 11, -4*j - j = -4*k + 17. What is the tens digit of (-31)/(0 - j/(-23))?
1
Suppose 19*h = 23733 + 31956. Let m = -1069 + h. What is the units digit of m?
2
Let s(o) = 20*o - 56. Let x be s(3). Let p(u) = -4*u + 17. Let z(j) = 9*j - 33. Let n(i) = 5*p(i) + 2*z(i). What is the units digit of n(x)?
1
Let s(h) = h - 19. Let w be (-6)/4 + (-42)/28. Let q(y) = 3*y - 39. Let c(i) = w*q(i) + 5*s(i). What is the tens digit of c(-10)?
6
Let c(t) = -287*t**3 - 4*t - 3. Suppose 6*k + 3 = 3*k. What is the units digit of c(k)?
8
Suppose 0 = -3*x - 0*x + 9, a - 3*x + 4 = 0. Suppose -3*k + 2*r + 0*r + 988 = 0, 0 = k + a*r - 301. What is the tens digit of k?
2
Let t = -3673 + 8378. What is the thousands digit of t?
4
Let s = -14313 - -26455. What is the ten thousands digit of s?
1
Let j(z) = 4*z + 8 + 15*z + 21*z - 6*z. What is the tens digit of j(7)?
4
Let g = 282 + 1619. Let k = 2792 - g. What is the tens digit of k?
9
Let t be (-3)/(-12) - 27165/(-60). Suppose 2*f + 31 = -5*l + 496, -l + t = 2*f. What is the hundreds digit of f?
2
Suppose -4*f + 60 = 20. Suppose -f*d + 22*d = 4296. What is the hundreds digit of d?
3
Let d(y) = 2*y**2 - y + 15. Suppose 2*x = -x - 4*r - 1, 5*x = -3*r + 13. What is the tens digit of d(x)?
6
Suppose -43*x + 22 = -41*x. Let h(o) = -3*o**2 + 25*o**2 + x*o**2 + 3*o**2. What is the units digit of h(-2)?
4
Let u(o) = o**3 + 14*o**2 + 19*o - 2. Let m be u(-13). Let d(t) = 156*t - 8. Let l be d(-2). Let y = m - l. What is the hundreds digit of y?
2
Suppose 7*v - 6434 = -1611. Suppose 0 = 7*u - 2635 + v. What is the units digit of u?
8
What is the hundreds digit of (-9)/36 - (6 + (-40775)/28)?
4
Let j(m) = m**3 + 9*m**2 - 14*m - 39. Let p be j(-10). Let d(i) = 67*i - 6. Let f(k) = 1. Let l(g) = d(g) + 3*f(g). What is the tens digit of l(p)?
6
Let b be (-5325)/(-20) + 44/16 + -3. Let c = 11 + b. What is the units digit of c?
7
Suppose 5*k + 13 - 28 = 0. Let b(f) = -k - 14 - f + 0 + 33*f. What is the hundreds digit of b(4)?
1
Let l be 4435 + 6/(-24)*-4. Suppose l = 4*h + d, 100 = h - 2*d - 1009. What is the units digit of h?
9
Suppose 0 = -2*s - 4*s + 18. Suppose s*x - 5*b = 32 + 87, -x + 34 = 4*b. What is the tens digit of x/(-4)*(-70)/7?
9
Let h = 431 + 1378. Let a = h + -577. What is the units digit of a?
2
Let a(q) = 33*q**2 + 23*q + 73. Let w(u) = 11*u**2 + 8*u + 24. Let v(s) = 3*a(s) - 8*w(s). What is the tens digit of v(8)?
7
Let w = -12 + 13. Let x(k) = -6*k**3 - 13*k**2 - 11*k - 13. Let o(a) = a**3 - a**2 + a - 1. Let c(h) = w*x(h) + 5*o(h). What is the units digit of c(-18)?
0
Suppose c + 4*c + 270 = 0. Let s = 238 + c. Let u = s - 147. What is the tens digit of u?
3
Let w(y) = -2*y**3 - 19*y**2 + 13*y + 34. Let k be w(-10). What is the units digit of (-35)/(k + (-270)/66)?
5
Suppose 0 = 2*u - 5*u. Let r be 314 + (-2)/(-3)*(9 + -3). Suppose u = 5*s - 2*h - r, 4*s + 0*h + h = 257. What is the tens digit of s?
6
Let q be ((-14478)/152)/((-6)/32). Suppose -533 = -4*g + 12*t - 11*t, 4*t = -4*g + q. What is the hundreds digit of g?
1
Let u(m) = -m**2 + 6*m + 9. Let p be u(7). Suppose -p*h - 3*i + 113 = 0, 2*i + 53 = -8*h + 9*h. What is the units digit of h?
5
Let g = 10888 + 4449. What is the ten thousands digit of g?
1
Let w = -13 + 25. Suppose p = -5*p + w. Suppose 124 = 4*r - 2*t, -5*r + t = -p*t - 154. What is the tens digit of r?
3
Let z = 1011 + 7362. What is the thousands digit of z?
8
Let z(u) = -3*u + 40. Let k(o) = o**3 + 2*o**2 + 7. Let q be k(-3). Let c(r) = -6*r + 79. Let i(m) = q*c(m) + 5*z(m). What is the tens digit of i(0)?
4
What is the thousands digit of 5 - 9/(54/(-26952))?
4
Suppose 0 = -2*z - 4*z + z. Suppose a - 8 + 12 = z. What is the units digit of 17*(0/a + 3)?
1
Let c(q) = 1704*q - 223. What is the units digit of c(8)?
9
Let g(m) = 2*m - 20. Let k be (0 + 2 - 4) + 18. Let j be g(k). What is the units digit of j/(-6) + 50 + -1 + 0?
7
Let v be 1064 + 0/(4 + (-3 - 0)). Suppose 4*w = 4*s - v, 8*s - 4*s - 1079 = -w. What is the units digit of s?
9
What is the thousands digit of (-25480)/21*504/(-98)?
6
What is the hundreds digit of 62476 - ((-10)/4)/(18/(-72))?
4
Let y(x) = 33 - x**2 + 2*x**2 - 24*x - x. Suppose 876 = -105*j + 3396. What is the units digit of y(j)?
9
Let q(t) = t**3 - 2*t**2 - 2*t - 3. Let s be q(3). Suppose -4*u - 5*z + 3*z - 200 = s, 198 = -4*u - z. Let a = u + 88. What is the units digit of a?
9
What is the ten thousands digit of 75266562/4446 - 2/39?
1
Suppose 9*f - 7 = -655. Let w = f - -87. What is the tens digit of w?
1
Suppose -90 = 12*l - 15*l. What is the hundreds digit of 1746/4*(-15)/l*-4?
8
Let m(q) be the third derivative of 7*q**5/30 + q**4/12 - 6*q**3 - 35*q**2. 